when 2/w + 1/(-14)*-166 is divided by 2.
0
Suppose -4*v - 20 = 0, -40*j + 45*j + v = 9880. What is the remainder when j is divided by 55?
52
Let b(f) = f**3 + 37*f**2 + 36*f - 36. Let t be b(-36). Let l = t - -37. Calculate the remainder when l is divided by 1.
0
Let y = -21201 - -21416. What is the remainder when 655 is divided by y?
10
Suppose 3*t - 40 = 50. Suppose -10*h = -12*h + 29*h - 1350. What is the remainder when h is divided by t?
20
Suppose 7*h - 3*h - 72 = 0. Suppose h*x + 260 = 22*x. What is the remainder when x is divided by 17?
14
Let c = 1345 + -1273. What is the remainder when c is divided by 5?
2
Suppose -6 = -4*o + 14. Let p(w) = -2*w + 12. Let y be p(o). Suppose 4*n - s = -y + 43, -5*s + 26 = n. What is the remainder when n is divided by 3?
2
Let g = 127 - 124. Suppose -51 = -3*q - 2*t, -7*t + 8*t = g. Calculate the remainder when 30 is divided by q.
0
Suppose 2*m - 92 = -2*m. Let a(n) = -n**3 - 40*n**2 + n - 3121. What is the remainder when a(-42) is divided by m?
20
Let d(w) = 95*w - 6327. Calculate the remainder when d(71) is divided by 61.
52
Let n(s) = 13*s + 3*s - 27 + 25*s + 15*s. Suppose -p + 8 - 6 = 0. Calculate the remainder when n(p) is divided by 43.
42
Let m = -5 + 101. Let i(c) = 7*c**2 - 2*c - 1. Let b be i(-1). Suppose -b*v = -0*v - 400. Calculate the remainder when m is divided by v.
46
Let z be (9/(-4))/(4/((-2560)/12)). Suppose 5*t = n - 60, 7*n + z = 11*n + 4*t. Calculate the remainder when 63 is divided by n.
28
Let m(c) = -46*c + 799. What is the remainder when m(16) is divided by 20?
3
Let w(d) = -d**2 + 25*d + 2. Let k be ((-338)/(-39))/((-4)/(-6)). Calculate the remainder when w(k) is divided by 10.
8
What is the remainder when ((-2)/(-8))/((-155)/4340)*(-94)/2 is divided by 281?
48
Let f = 53 - 38. Suppose f + 129 = 3*y. Calculate the remainder when y is divided by (2 - 3)/((-85)/1445).
14
Let x(u) = 2*u**2 - 9*u - u - 14 + 13*u + 13. What is the remainder when x(5) is divided by 12?
4
Let g(s) = -2*s**2 + 8*s + 182. Let h be g(-9). What is the remainder when 74 is divided by ((-28)/(-2))/(-6 + h/(-8))?
18
Let n be (-70)/(-21)*(5 + -2). Let q = 9 + n. Suppose -r - j + 93 = 2*r, 4*j = -3*r + 93. What is the remainder when r is divided by q?
12
Calculate the remainder when 203 is divided by -12 + (-9 - -69) - 14.
33
Let g = 9852 - 9427. Calculate the remainder when g is divided by 7.
5
Calculate the remainder when (-22 - -28) + (-36496)/(-56) + 2/7 is divided by 42.
28
Let v = 2 - 0. Suppose 0 = -v*a + 3*l - 3, 5*l - 18 = a - 2*a. Suppose 3*m + a*m = 258. What is the remainder when 128 is divided by m?
42
What is the remainder when (1137834/1710)/((-6)/(-10)) is divided by 3?
2
Let l(o) be the second derivative of -13*o**3/6 - 281*o**2/2 + 50*o. Calculate the remainder when 13 is divided by l(-22).
3
Suppose 26*x - 4268 - 893 - 4563 = 0. What is the remainder when 385 is divided by x?
11
Suppose 197 + 4759 = 42*r. What is the remainder when r is divided by 63?
55
Let v(h) = -h - h**2 + 8 - 12 + 1 + 3*h**3. What is the remainder when v(2) is divided by 9?
6
Suppose -5*w - 3*t = -t - 65, t = -w + 10. What is the remainder when 5447/65 + 1/5 is divided by 156/9 - 5/w?
16
Let c(g) = 3*g - 32. Let q be c(17). Suppose 570 = -9*f + q*f. What is the remainder when f is divided by 16?
9
Let o = 148 + -123. Suppose 3762 = 9*a + 10*a. What is the remainder when a is divided by o?
23
Let l = 153 + -104. Let b be -15*2*136/(-20). Suppose -b*a + 282 = -201*a. Calculate the remainder when a is divided by l.
45
Suppose 0 = 35*x - 2*x - 429. Calculate the remainder when 7 + (x - 8 - -499) is divided by 57.
55
Suppose -p - 4*p + 5*x + 430 = 0, p - 4*x - 92 = 0. Let f = -70856 + 70908. Calculate the remainder when p is divided by f.
32
Let t be 2 + -4 + 1169 + -1. What is the remainder when 142 is divided by t/16 + 20/160?
69
Let h = 4286 + -4253. What is the remainder when 1705 is divided by h?
22
Suppose 52 = 4*n - 4*y, y - 6*y = 25. Let f(p) = -48*p - 286. Let x be (3 - 8 - -1)*1 - 2. What is the remainder when n is divided by f(x)?
0
Let x = 34 + -34. Suppose 0 = 2*o - x*o + 28. Calculate the remainder when 14/(-2)*(o - -10) is divided by 15.
13
Let b(v) = -3*v**2 + 43. Let i(k) = -3*k**2 + 44. Let x(w) = 3*b(w) - 2*i(w). Calculate the remainder when x(0) is divided by 24.
17
Suppose -226 = 2*j - 216, 5*i - 5*j = 5520. What is the remainder when i is divided by 44?
43
Let i = 103 + 71. Calculate the remainder when i is divided by ((-611)/78 + 8)*150.
24
Suppose 2*r = 2*m + 40, m - 125 = -4*r - 4*m. Suppose 29466 = 523*v - 7667. What is the remainder when v is divided by r?
21
Suppose -h - 3*y + 17 = -8*y, 4*y = -12. Suppose h*q = -4*q + 900. Calculate the remainder when q is divided by 42.
24
Suppose -f - 61 + 736 = -2*h, -4*h + 3375 = 5*f. Suppose 4*t + p = f + 194, 4*p - 642 = -3*t. What is the remainder when t is divided by 11?
9
Suppose 0 = 4*z + 3*p - 19, -5*z - 2*p + 6*p + 16 = 0. Let i = -2 + z. What is the remainder when 31 is divided by i/((-350)/(-85) - 4)?
14
Let v(n) = n**3 + 3*n**2 - 3*n - 8. Let j be v(-2). Suppose -2*m + 2 = 0, -5*y - j*m + 6*m + 141 = 0. Calculate the remainder when y is divided by 4.
1
Calculate the remainder when 250 is divided by 39*(-2 - -5) + 2 + 1 + -4.
18
Suppose -2*u + 0 = 6. Let l be (-2)/u*(-2412)/24. Calculate the remainder when 6 is divided by 74 + l - 1*(1 + 1).
1
Let x = 2907 + -2872. Calculate the remainder when 696 is divided by x.
31
Let x = 11019 - 10984. What is the remainder when 687 is divided by x?
22
Suppose -1000*s = 2*x - 1004*s - 1454, x + s - 706 = 0. Calculate the remainder when x is divided by 57.
29
Let i(b) = b**2 - 25*b + 108. Suppose -17 = 2*x - 0*x + q, -3*x = -q + 13. What is the remainder when ((-62)/x)/(9/27) is divided by i(20)?
7
Let s = -1338 + 2430. Suppose -4*v - s = -17*v. What is the remainder when v is divided by 29?
26
Suppose 0 = -6*n + 23 + 49. Calculate the remainder when n is divided by 1/((-5)/3 - -2).
0
Suppose -2*y + 271 = -251. Let k = 135 - y. Let a = k - -138. Calculate the remainder when 46 is divided by a.
10
Suppose 0 = -p + 6*p - 5*d - 2710, 5*p - 2*d = 2728. Calculate the remainder when p is divided by 38.
16
Suppose 57*u - 69051 - 314841 = -22854. Calculate the remainder when u is divided by 32.
30
Let s = -6468 - -7289. What is the remainder when s is divided by 39?
2
Let l(g) = 7*g**2 - 330*g - 10. What is the remainder when l(52) is divided by 73?
6
Suppose -10 = -4*q + 46. Suppose 350 = 4*u - q. Let l = u + -60. What is the remainder when l is divided by 8?
7
Let b(o) = -o**2 - 3*o + 16. Let h be b(-9). Let g = -38 - h. What is the remainder when 34 is divided by g + (-24)/20*-15?
16
Let f = -121 + 21. What is the remainder when (84/(-56))/(((-6)/f)/(-1)) is divided by 18?
7
Let k be -29*(-2 + 3/1). Let b = 61 - k. What is the remainder when b is divided by 19?
14
Suppose -403 = -4*u - 3*y - 81, u - 89 = -5*y. Suppose -5*f - 6*i = -2*i - 156, -2*f + 4*i + 68 = 0. What is the remainder when u is divided by f?
15
Let w(t) = 3*t + 2. Let a be w(0). Suppose 7*s = a*s + 130. Let k(f) = 16*f + 219. What is the remainder when k(-9) is divided by s?
23
Let b be ((-4)/(-8))/(3/(-42)). Calculate the remainder when 455 is divided by (385/(-49) - b)*-28.
23
Suppose 4*x - 149 = -3*b, 2*b + 7*x - 906 = -785. Calculate the remainder when 431 is divided by b.
1
Let p = 1300 + -629. Let u = 106384 - 106352. What is the remainder when p is divided by u?
31
Let t be (-10)/(-4)*176/110. Suppose -t*w + 5*u = -w - 77, 4*w - 60 = -4*u. What is the remainder when 54 is divided by w?
16
Let g(m) = 2*m**3 + 5*m**2 - 7*m - 6. Let y be g(-5). What is the remainder when 478 is divided by (y/(-28))/((-3)/(-42))?
46
Let r be (-2 - (-426)/9) + (-8)/24. Suppose -2*i = 12 + 28. Let j = r + i. Calculate the remainder when j is divided by 10.
5
Suppose -4*l - 2*s = -148, 142 = -4*l + 8*l - s. Suppose 0 = 3*q - 10 + 4. Suppose -q*m - 3*m = -100. What is the remainder when l is divided by m?
16
Suppose -604 - 222 = -52*w + 162. Calculate the remainder when 2163 is divided by w.
16
Let o(z) = 5*z**3 - 6*z**2 - 9*z - 87. What is the remainder when o(5) is divided by 44?
35
Let k = 54664 + -54604. Let j = 38 - -2. What is the remainder when k is divide